2094 and 8789?
517
What is the highest common divisor of 193004 and 21357?
791
What is the highest common factor of 69913308 and 1153?
1153
What is the highest common divisor of 203673653 and 639?
71
What is the highest common factor of 2364610635 and 45?
45
Calculate the greatest common divisor of 15504 and 516256.
272
What is the highest common factor of 5123691 and 3417?
201
What is the highest common divisor of 5700 and 2654775?
1425
Calculate the highest common divisor of 191702 and 2254.
14
What is the highest common divisor of 895005 and 27?
9
What is the highest common factor of 353408 and 6512?
176
Calculate the greatest common factor of 48 and 10638804.
12
Calculate the greatest common divisor of 3223 and 2420473.
3223
What is the greatest common factor of 226168085 and 17?
17
Calculate the highest common factor of 68808 and 251076.
732
What is the highest common divisor of 7711131 and 741?
57
Calculate the greatest common factor of 1108909028 and 8188.
8188
Calculate the greatest common divisor of 1694 and 1374856.
14
Calculate the greatest common factor of 720572 and 2715268.
4772
What is the highest common divisor of 169 and 62069852?
13
What is the greatest common divisor of 32 and 37350244?
4
Calculate the greatest common divisor of 4200 and 20731900.
700
Calculate the highest common divisor of 143932136 and 72.
8
What is the highest common divisor of 390028 and 714820?
1388
Calculate the highest common divisor of 77606256 and 116382.
6846
What is the highest common factor of 26916 and 34382947?
2243
What is the highest common divisor of 79515 and 317547?
513
What is the highest common divisor of 463892 and 53482?
286
Calculate the highest common divisor of 46980 and 11997.
9
Calculate the highest common factor of 416 and 6352788.
52
What is the highest common factor of 2135630 and 630?
70
What is the highest common divisor of 2805 and 30412745?
935
Calculate the greatest common factor of 568433194 and 56.
14
What is the greatest common divisor of 1396084 and 5328?
148
Calculate the highest common factor of 104400 and 9561600.
3600
What is the highest common divisor of 24422181 and 42?
21
Calculate the highest common divisor of 1566 and 271491939.
783
What is the greatest common divisor of 137686074 and 12?
6
Calculate the greatest common factor of 4538344 and 96709.
997
What is the greatest common divisor of 10472 and 115888388?
5236
Calculate the highest common factor of 49677105 and 95.
5
Calculate the greatest common factor of 10 and 2394250570.
10
Calculate the greatest common factor of 16 and 975608192.
16
Calculate the greatest common divisor of 55537 and 66518.
79
What is the greatest common divisor of 625553 and 18818?
97
Calculate the greatest common divisor of 28181394 and 414.
414
What is the highest common divisor of 7750192 and 210656?
464
Calculate the highest common factor of 185193 and 830547.
513
What is the greatest common factor of 183735 and 1053?
27
Calculate the greatest common divisor of 2649 and 40222416.
2649
Calculate the highest common divisor of 15384558 and 408.
102
What is the greatest common factor of 4775910 and 90?
30
Calculate the highest common divisor of 116798 and 3421.
11
What is the highest common factor of 1450700790 and 8305?
8305
Calculate the highest common divisor of 75825 and 12132.
3033
What is the greatest common divisor of 57 and 61827?
3
Calculate the greatest common factor of 149261920 and 160.
160
What is the greatest common divisor of 1315042104 and 8?
8
Calculate the highest common factor of 746790 and 24480390.
10230
Calculate the highest common factor of 104 and 5001516.
52
Calculate the highest common divisor of 147823 and 1384357.
1079
Calculate the greatest common divisor of 2 and 4337626.
2
Calculate the greatest common divisor of 824 and 3243896.
8
What is the highest common factor of 245578751 and 33?
11
Calculate the highest common divisor of 1653 and 131429479.
551
Calculate the highest common factor of 502623 and 1551.
33
What is the highest common factor of 47802 and 1910406?
186
Calculate the greatest common factor of 9972 and 580.
4
What is the highest common divisor of 1149183 and 1299403?
7511
Calculate the greatest common factor of 2394666890 and 2827.
2827
What is the highest common factor of 98029 and 9392?
587
Calculate the highest common divisor of 6111 and 915579.
63
What is the greatest common divisor of 145245 and 19665?
345
What is the highest common divisor of 726 and 18895965?
363
Calculate the greatest common factor of 6765 and 7231170.
615
What is the greatest common divisor of 1167491301 and 2007?
669
Calculate the greatest common factor of 101 and 40226785.
101
Calculate the greatest common divisor of 13 and 337512890.
13
Calculate the highest common divisor of 9675 and 292529.
43
What is the highest common divisor of 1107574 and 54366?
1066
What is the highest common divisor of 253679276 and 505?
101
What is the greatest common divisor of 32494 and 804754?
422
What is the greatest common divisor of 1893150 and 120050?
350
What is the greatest common divisor of 3252 and 46011193?
271
What is the highest common factor of 28767 and 638679?
129
What is the greatest common divisor of 4390 and 6996782?
878
What is the greatest common divisor of 69613839 and 105121?
3391
What is the highest common divisor of 198 and 88610874?
66
Calculate the highest common factor of 107250 and 87243000.
9750
What is the highest common factor of 28 and 556822?
14
What is the highest common factor of 17841810 and 210?
210
What is the greatest common divisor of 8863744 and 1082?
1082
Calculate the highest common factor of 236015 and 45.
5
What is the highest common divisor of 353408700 and 7944?
3972
Calculate the highest common factor of 306090 and 4218.
114
What is the greatest common divisor of 1882720 and 19460?
140
What is the highest common divisor of 456181 and 741707?
367
What is the greatest common factor of 79935 and 812563?
73
Calculate the highest common factor of 866088321 and 21.
21
What is the greatest common factor of 72363489 and 4023?
447
What is the greatest common divisor of 1371168 and 62208?
2592
Calculate the highest common factor of 1041 and 2830826.
347
Calculate the greatest common factor of 163453193 and 58.
29
What is the highest common divisor of 88895954 and 14?
14
What is the greatest common factor of 143420970 and 6909?
987
What is the greatest common factor of 23620 and 27540?
20
Calculate the greatest common divisor of 6208 and 341056.
64
What is the highest common factor of 249846999 and 24265?
4853
What is the highest common divisor of 5141 and 35599?
97
Calculate the highest common divisor of 468679 and 185.
37
Calculate the highest common factor of 3078 and 28673622.
1026
Calculate the greatest common factor of 5008751 and 187.
11
What is the greatest common divisor of 3605501 and 52439?
1279
What is the greatest common factor of 2100 and 17931200?
700
What is the greatest common divisor of 2204 and 1310510?
58
What is the greatest common factor of 94982807 and 4939?
449
Calculate the greatest common divisor of 1246359 and 164.
41
What is the highest common factor of 58500 and 10989875?
1625
Calculate the greatest common divisor of 1 and 24164359.
1
Calculate the highest common divisor of 1920 and 10149690.
30
What is the highest common factor of 30 and 426324?
6
Calculate the greatest common divisor of 39710 and 13472520.
3610
Calculate the highest common divisor of 56 and 4625957.
7
Calculate the highest common factor of 2785337 and 785.
157
What is the highest common factor of 357694293 and 267?
267
Calculate the greatest common factor of 572917800 and 75.
75
What is the greatest common divisor of 255 and 100816715?
85
Calculate the greatest common divisor of 91 and 321061.
13
What is the highest common divisor of 475 and 413041?
19
What is the highest common divisor of 1071 and 3182298?
357
Calculate the highest common divisor of 166477586 and 3894.
1298
Calculate the greatest common factor of 20755729 and 1541.
1541
Calculate the greatest common divisor of 144663279 and 939.
939
What is the highest common divisor of 892400840 and 200?
40
Calculate the highest common divisor of 188397 and 2205.
9
Calculate the greatest comm